 - i is divided by 34.
31
Let o(c) = c - 6. Suppose 41*d - 35 = 46*d. Let z be o(d). Let h = z + 18. Calculate the remainder when 53 is divided by h.
3
Suppose -4*p - u = -858, 0 = 3*p - 7*p - 3*u + 862. Suppose 4*h + l - 96 = -l, -2*h = 3*l - 48. Calculate the remainder when p is divided by h.
22
Suppose -2*f - 115 = -3*p, p - 68 + 11 = -4*f. Suppose -3*y = -p*y + 1330. Let o(a) = 2*a + 1. What is the remainder when y is divided by o(4)?
8
Suppose -16 = -7*s + 3*s. Suppose 4*l + 10 = -m + 6*l, 4 = -s*m - 4*l. Calculate the remainder when m/(-10) + (-645)/(-75) is divided by 5.
4
Calculate the remainder when 964 is divided by (8/(-6)*(-16)/32)/((-4)/(-1158)).
192
Suppose -4*y + 8 = 0, 24 = -5*n - 3*y + 95. What is the remainder when 2222 is divided by n?
12
Suppose 717 - 277 = 22*j. Calculate the remainder when 44 is divided by j.
4
Let f be 8/20 + (-40)/(-25). Suppose 0 = k + 2*z - 36, 0 = 2*z - 4 - f. What is the remainder when 86 is divided by k?
26
Let r = 570 - 564. Calculate the remainder when (-3)/((-18)/200) + 13/(-39) is divided by r.
3
Let p = -17 - -9. What is the remainder when (-624)/p*(-2 + 5/2) is divided by 3?
0
Suppose 13 = k + 2. Let y be (8 + 0)*(-496 - 0/4). Calculate the remainder when 2/(-6) + (y/12)/(-8) is divided by k.
8
Suppose c = 4*g + 15, -15*c + 16*c - 15 = 3*g. Calculate the remainder when 499 is divided by c.
4
Let j be (-18)/24 + (-102)/(-8). Suppose i + 14 - 5 = c, -j = -3*i. Calculate the remainder when ((-2900)/(-87))/(-1 - (-15)/9) is divided by c.
11
Let k = -157267 + 157540. Calculate the remainder when k is divided by 46 + (-2 - (-4)/2).
43
Suppose -2378 = 11*t - 32*t - 20*t. What is the remainder when 111 is divided by t?
53
Let q = -6079 - -9306. Calculate the remainder when q is divided by 101.
96
Let z(m) = -m**2 - 1. Let i(u) = 6*u**2 + 6. Let d(o) = i(o) + 5*z(o). Let x = 1514 + -1466. Calculate the remainder when x is divided by d(-3).
8
Let f = -130240 - -130255. Let z(t) = t**2 + 7*t + 6. Let w be z(-6). What is the remainder when (-59)/(-1 - w) + -1 is divided by f?
13
Suppose f - 14 = 4*u, 11 - 6 = -u + f. Calculate the remainder when 16/u*1575/(-84) is divided by 23.
8
Let z(f) = -f**2 - 13*f + 34. Calculate the remainder when 693 is divided by z(-13).
13
Let o = -108 - 145. Let j = o - -258. Calculate the remainder when 24 is divided by j.
4
Let s(o) = 123*o**2 - 49693*o + 434. Let d be (-46)/(-2) - (-1 - -2). Let k = 33 - d. What is the remainder when s(404) is divided by k?
8
Let k(t) = t**3 + 9*t**2 + t + 38. Let i = -368 - -517. Let a = i + -45. What is the remainder when a is divided by k(-9)?
17
Suppose -15 - 18 = -11*j. Suppose -j*c = -4*q - 4*c - 14, -14 = 2*q + 4*c. Calculate the remainder when 70 is divided by (-6)/(-1)*1/q - -38.
34
Suppose -92*m + 90*m + 4*u + 58 = 0, 4*m + 3*u = 50. What is the remainder when 1217 is divided by m?
10
Suppose -104*b + 109058 = 342*b - 107252. Calculate the remainder when 1456 is divided by b.
1
Suppose 47 = -369*c + 373*c - 37. Calculate the remainder when 712 is divided by c.
19
Let a(k) = 2*k**2 - 67*k + 725. Calculate the remainder when a(37) is divided by 27.
12
Suppose -22 = -6*g + 614. Let u = g - 15. Let i = 170 - u. Calculate the remainder when i is divided by 9.
7
Suppose 29*n = 27*n - 12, 4*t - 2*n - 164 = 0. What is the remainder when 71 is divided by t?
33
Suppose 0*n - 3*m = n + 12, 2*n - m - 4 = 0. Suppose 4*b - g - 422 = n, 5*g + 45 = b - 51. Calculate the remainder when b is divided by 9.
7
Let w = -549 + 608. What is the remainder when 705 is divided by w?
56
Let w = -156 + 67. Let g(q) = -7*q**2 - 3*q + 6. Let y be g(5). Let x = w - y. Calculate the remainder when x is divided by 12.
11
Let t(q) = 29*q**2 - 23*q - 91. Calculate the remainder when t(25) is divided by 388.
387
Let o = 2425 - 2409. Calculate the remainder when 203 is divided by o.
11
Let z = 2 + -7. Let j be (-9)/((-27)/(-6)) - z. Suppose -j*x = -0*n + n - 20, -2*n + 4*x - 10 = 0. Calculate the remainder when 18 is divided by n.
3
Let u(v) be the third derivative of -v**4/2 + v**3/3 - 11*v**2 + v. Let j = 2 - 3. What is the remainder when 95 is divided by u(j)?
11
Suppose 4*m + 6 = 2, -2*m - 277 = -5*i. What is the remainder when 189 is divided by i?
24
Let d = -12 + -94. Suppose 990 = 5*o + 2*s, -s - 79 = -o + 119. Let z = d + o. Calculate the remainder when z is divided by 19.
16
Suppose 0 = 18*k + 6*k - 2160. Suppose -16*f = -f - k. What is the remainder when 8 is divided by f?
2
Suppose -10029 = -23*f + 13431. Suppose 17*l = 34*l - f. What is the remainder when l is divided by 2?
0
Suppose -3*k = 2*k - 40. Let o(u) = u**2 + 17*u + 77. Calculate the remainder when o(-14) is divided by k.
3
Let d(s) = -134*s - 1. Calculate the remainder when d(-1) is divided by 4/(-6) + (17/3 + 6 - -6).
14
Suppose 0*z - z = -47. Let k(w) be the second derivative of -w**5/5 - w**4/4 - w**3/2 + 13*w**2/2 - 278*w. What is the remainder when k(-4) is divided by z?
45
Let q(j) = -10*j**2 - 39*j - 2. Let z be q(-11). Let f = -720 - z. Suppose 165 = -w + 6*w. What is the remainder when f is divided by w?
30
Let c = -678 + 1015. What is the remainder when c is divided by 157?
23
Suppose 0 = -2*n + 2*h + 460 + 376, -n = -8*h - 369. Calculate the remainder when 443 is divided by n.
18
Suppose -56*l + 1660 = -46*l. What is the remainder when l is divided by 40?
6
Let y = -224 - -242. Suppose 19*c = y*c + 37. Calculate the remainder when 123 is divided by c.
12
Suppose -754*l + 743*l + 14630 = 0. What is the remainder when l is divided by 1315?
15
Let v = 219 + -211. Calculate the remainder when (62/(-5))/(v/(-20)) is divided by 5.
1
Suppose -3*z = -3*y + 96, 2*y + 54 = -2*z + 6*y. Let m = -42 - z. What is the remainder when 52 is divided by 0 - m*(-2 + (-38)/(-5))?
24
What is the remainder when 7613 is divided by (3 + -17)*(-16)/14 - 0?
13
Let g = -177 - -189. Let x = -21 - -23. Suppose -b - 30 = -x*b. Calculate the remainder when b is divided by g.
6
Let u(p) = -5*p. Calculate the remainder when 16/((-6)/(-756)*9) is divided by u(-9).
44
Let i(w) = 272*w - 3769. Let f be i(15). Suppose 3*s - 3*a + 2*a - 1352 = 0, 3*a = -5*s + 2272. Let x = s - f. What is the remainder when x is divided by 36?
33
Let f(l) = 118*l - 567. What is the remainder when f(5) is divided by 5?
3
Suppose -4*p = -d + 50, 9*d = 8*d - 4*p + 42. What is the remainder when d is divided by (-5 - 180/(-6))*1?
21
Let z(t) = 4 + 4*t + 0*t - 6*t**3 + 5*t**3. Let x = -396 - -393. What is the remainder when z(x) is divided by 4?
3
Suppose 3*q + 2050 = -2*m, -3425 = 43*q - 38*q - 5*m. Let z = q + 1019. What is the remainder when z is divided by 56?
55
Let u(r) = 8*r - 409. Let q be u(59). Let k = 13 - 3. Suppose -3*v - 12 = 5*o - q, -k = -v - 4*o. What is the remainder when v is divided by 7?
1
Suppose -53 = -2*a + 229. Let l = a - 94. Calculate the remainder when l is divided by 8.
7
Suppose b + 8*w = 11*w - 4, 4*b - 3*w = 2. Suppose -3*o = 3*d - 73 - 62, -b*d + 139 = 3*o. What is the remainder when o is divided by 11?
5
What is the remainder when 392 is divided by (9 - -6)/((-4)/44 + 333/396)?
12
Suppose 0 = -614*p + 1035*p - 77464. Suppose n + o - 38 = 0, 3*n - 49 = -o + 63. What is the remainder when p is divided by n?
36
Let y(l) = -l + 2. Let n be y(0). Suppose -5*u + 79 = n*g, -2*g + 5*u - 39 + 168 = 0. Let m = -33 + g. What is the remainder when 37 is divided by m?
18
What is the remainder when 8*43 - (10/(-150) + 1183/195) is divided by 192?
146
Let r(y) = y**3 - 20*y**2 + 4*y - 23. Let x(s) = 4*s + 24. Let n be x(-7). What is the remainder when r(20) is divided by (-3 - n)/(1/20)?
17
Suppose 0 = a - 14 - 47. Let y = -1507 - -1570. Suppose 4*z - y = -3*i, i - 21 = -5*z + 2*z. Calculate the remainder when a is divided by i.
19
Suppose -6 = -2*r - 2. Suppose r*g = 3*c - 144, 4*c + 0*g - 192 = 4*g. Calculate the remainder when c is divided by 339/27 + (-52)/(-117).
9
Let v(z) = 10*z**2 - 27*z - 82. What is the remainder when 171 is divided by v(-3)?
82
Let d(y) = -2*y**2 + 46*y + 15. Suppose -u + 216 = 2*u. What is the remainder when u is divided by d(0)?
12
Let p = -55 - -129. Suppose -19 = 3*t - 10. Calculate the remainder when p is divided by -4 + (-52)/(t - -1).
8
Let x(w) = w**3 - 12*w**2 - 8*w - 7. Let i be x(13)